 - 140821. Give w(38).
-677
Let q(w) = -660*w**3 - 8586*w**2 - 78*w - 5. What is q(-13)?
-5
Let r(p) = -22228*p + 110442. Give r(5).
-698
Let z(v) = -v**2 + 2058*v - 760738. What is z(483)?
-13
Let p(u) = 3256*u - 48859. Give p(15).
-19
Let f(v) = -431*v - 12737. What is f(-28)?
-669
Let w(m) = -2*m**3 - 155*m**2 + 17112*m - 204. What is w(-139)?
-2289
Let s(o) = -182*o + 542. Give s(-1).
724
Let j(c) = c**3 - 9*c**2 - 399*c + 53. Calculate j(-16).
37
Let r(u) = 17*u**3 + 3207*u**2 - 1059*u + 14181. What is r(-189)?
6
Let h(r) = 7*r**2 + 2339*r - 11831. Give h(5).
39
Let f(g) = -g**2 + 549*g + 42154. Calculate f(-69).
-488
Let o(i) = -22433*i + 89751. What is o(4)?
19
Let x(p) = -3*p**3 - 25*p**2 + 40*p + 18. Calculate x(0).
18
Let v(j) = 194*j - 353. Calculate v(-5).
-1323
Let z(i) = 4*i**3 - 72*i**2 - 24*i - 1056. What is z(18)?
-1488
Let k(x) = 47*x**2 + 4940*x + 36507. Determine k(-8).
-5
Let r(l) = -4*l**3 + 189*l**2 - 48*l - 190. What is r(47)?
-237
Let c(d) = 355*d**2 - 6*d - 17. What is c(-1)?
344
Let n(q) = 1283*q - 153938. Calculate n(120).
22
Let r(t) = -422*t - 69489. Calculate r(-163).
-703
Let x(n) = n**3 + 807*n**2 + 9528*n - 70. Give x(-12).
74
Let l(v) = 2*v**3 + 71*v**2 - 167*v - 2078. What is l(-37)?
-6
Let h(f) = -37018*f - 333151. Calculate h(-9).
11
Let a(h) = -16*h**3 + 157*h**2 - 13*h + 289. What is a(10)?
-141
Let m(p) = p**3 + 177*p**2 - 1476*p + 22. Give m(8).
54
Let r(m) = 232*m + 26076. Determine r(-104).
1948
Let u(k) = 24128*k + 916872. Determine u(-38).
8
Let f(o) = -o**3 + o**2 + 24*o - 74. Give f(3).
-20
Let o(k) = -1438*k - 11489. Give o(-8).
15
Let b(y) = -33*y**3 - 20*y**2 + 329*y + 978. Calculate b(-3).
702
Let l(s) = 386*s + 150054. Determine l(-389).
-100
Let t(u) = u**2 + 53*u - 25. Determine t(-32).
-697
Let d(o) = o**3 - 17*o**2 + 87*o - 1254. What is d(10)?
-1084
Let x(r) = 55*r**3 - 365*r**2 - 25*r + 27. Give x(6).
-1383
Let f(o) = o**2 - 243*o - 10209. Determine f(-36).
-165
Let v(f) = 2*f**2 - 300*f + 8926. Determine v(113).
564
Let h(j) = -7212*j + 7312977. Determine h(1014).
9
Let u(h) = h**3 + 245*h**2 + 1495*h + 15196. Calculate u(-239).
617
Let u(w) = -w**3 + 27*w**2 - 140*w + 327. What is u(19)?
555
Let x(d) = d**2 + 239*d + 8473. Give x(-45).
-257
Let x(p) = p**3 + 429*p**2 - 880*p - 7780. Calculate x(-431).
-22
Let v(x) = -15*x**2 - 692*x - 7459. Give v(-29).
-6
Let v(t) = -265*t + 21595. Calculate v(85).
-930
Let n(p) = -289472*p + 2894709. Give n(10).
-11
Let b(h) = 330*h**3 + 8250*h**2 + 3*h + 113. Calculate b(-25).
38
Let f(o) = 59*o**2 + 1305*o - 42. Give f(-22).
-196
Let q(x) = -214862*x + 859439. Determine q(4).
-9
Let a(w) = w**3 - 222*w**2 - 26482*w - 1841. Determine a(308).
7
Let p(w) = w**3 + 3*w**2 + 583*w + 3480. Calculate p(-6).
-126
Let k(z) = 5*z**2 - 1520*z - 98707. Give k(359).
18
Let z(d) = 1404320*d - 4212957. Give z(3).
3
Let v(l) = -3*l**3 - 59*l**2 + 736*l + 14700. What is v(-19)?
-6
Let z(o) = -o**3 - 212*o**2 - 1830*o - 659. What is z(-203)?
-50
Let h(q) = 152*q + 5324. Determine h(-22).
1980
Let r(n) = 4*n**3 - 33*n**2 - 953*n + 7681. What is r(8)?
-7
Let x(c) = 17*c**2 + 291*c - 408. Determine x(-20).
572
Let x(g) = 122*g + 217. What is x(-4)?
-271
Let l(f) = -1065*f + 13924. What is l(12)?
1144
Let f(q) = -2692*q + 38634. Calculate f(15).
-1746
Let q(i) = 6*i**3 + 8*i**2 - 20009*i - 40020. Determine q(-2).
-18
Let h(w) = -2*w**2 + 579*w - 27711. What is h(61)?
166
Let g(z) = -z**3 - 68*z**2 + 56*z - 3088. Calculate g(-69).
-2191
Let y(x) = -x**3 - 41*x**2 + 44*x - 49470. Give y(-57).
6
Let g(v) = -v**2 - 116*v + 65812. Determine g(-321).
7
Let o(v) = 8*v**2 + 350*v + 3554. Calculate o(-16).
2
Let s(u) = -25*u**2 + 15000*u - 118456. Calculate s(8).
-56
Let r(q) = q**3 - 29*q**2 - 12*q + 1302. Give r(23).
-2148
Let g(u) = -51*u**2 + 5519*u - 1185. Calculate g(108).
3
Let f(z) = 965*z + 202019. Determine f(-211).
-1596
Let d(u) = 7*u**2 + 132*u + 1837. What is d(-20)?
1997
Let y(x) = 6*x**3 - 255*x**2 + 1655*x + 1. Give y(8).
-7
Let l(i) = -11*i**3 - 19*i**2 + 49*i - 45. What is l(-5)?
610
Let l(r) = 12158*r - 194515. Calculate l(16).
13
Let y(w) = -w**3 + 240*w**2 - 1642*w + 380. Give y(233).
-2183
Let u(a) = 10053*a - 9592. Give u(1).
461
Let b(a) = -2372*a**2 + 7156*a - 119. Determine b(3).
1
Let t(n) = -6787*n - 128945. Give t(-19).
8
Let q(t) = t**3 + 17*t**2 + 50*t + 230. Determine q(-15).
-70
Let p(z) = 467*z + 21447. Give p(-46).
-35
Let q(a) = -21596*a + 1986817. Calculate q(92).
-15
Let f(x) = x**3 - 118*x**2 - 1254*x + 78592. Calculate f(123).
-5
Let k(z) = 10*z**2 - 6404*z + 2572. Determine k(640).
12
Let x(b) = -3622*b - 148321. What is x(-41)?
181
Let z(w) = 2606*w - 1159667. What is z(445)?
3
Let t(y) = -2*y**3 + 32*y**2 + 19*y - 194. What is t(15)?
541
Let d(c) = 1547*c - 1106013. Determine d(715).
92
Let g(u) = 3*u**2 + 585*u - 8078. Determine g(-208).
34
Let z(y) = -469337*y + 18773492. Give z(40).
12
Let h(k) = k**3 + 398*k**2 - 1212*k - 3552. Give h(-401).
57
Let y(a) = -17462*a + 52343. Give y(3).
-43
Let p(j) = -20*j**2 + 167*j - 620. Determine p(5).
-285
Let l(t) = t**2 + 284303*t - 1990158. What is l(7)?
12
Let x(t) = t**3 + 59*t**2 + 3*t + 274. What is x(0)?
274
Let i(y) = 3749*y + 19511. Calculate i(-6).
-2983
Let p(o) = -31042*o + 61986. Determine p(2).
-98
Let h(f) = -f**2 + 7857*f - 164570. Calculate h(21).
-14
Let z(h) = 7*h**3 + 744*h**2 - 1263*h + 3557. Determine z(-108).
-7
Let z(u) = -u**3 + 10*u**2 + 517*u + 164. Determine z(-19).
810
Let g(k) = k**3 + 39*k**2 + 214*k + 202. Determine g(-29).
2406
Let j(q) = -60*q**3 - 296*q**2 + 5*q - 24. Calculate j(-5).
51
Let b(f) = -67657*f - 676577. Calculate b(-10).
-7
Let s(t) = -t**3 - 3*t**2 + 262*t - 1253. Determine s(10).
67
Let m(y) = -84*y**2 - 28402*y - 3391. Determine m(-338).
-11
Let c(t) = -12*t**3 + 138*t**2 - 282*t + 21. Determine c(2).
-87
Let c(l) = l**2 - 17156*l + 769886. Calculate c(45).
-109
Let t(l) = l**2 + 34145*l - 375711. Calculate t(11).
5
Let t(y) = -2*y**3 - 106*y**2 - 4792*y - 243762. Give t(-52).
14
Let n(w) = w**3 + 3*w**2 - 309*w - 18. Determine n(0).
-18
Let p(u) = -390*u - 15911. What is p(-40)?
-311
Let x(c) = 118067*c + 708434. Give x(-6).
32
Let k(t) = 23*t**2 - 353*t + 636. Give k(12).
-288
Let j(h) = 2*h**3 + 15*h**2 + 5194*h - 10461. What is j(2)?
3
Let j(i) = 42722*i + 128491. What is j(-3)?
325
Let n(q) = -516*q**2 + 140356*q - 979. What is n(272)?
109
Let p(y) = 966*y + 9941. What is p(-10)?
281
Let g(w) = 83*w + 2069. Determine g(-26).
-89
Let c(k) = -558*k**2 + 44*k + 42. What is c(-1)?
-560
Let x(k) = 17*k**2 - 511*k + 2183. Determine x(25).
33
Let s(x) = -x**3 - 30*x**2 + 10884*x + 316447. Calculate s(-29).
-30
Let l(j) = 17*j**2 - 193*j - 97. Calculate l(12).
35
Let w(h) = -2*h**2 + 82*h + 1566. What is w(46)?
1106
Let c(y) = 11*y**2 + 1471*y + 3949. What is c(-131)?
19
Let g(c) = c**3 - 2*c**2 - 29*c + 111. Determine g(5).
41
Let u(j) = j**3 - 165*j**2 - 20915*j + 46. Calculate u(-84).
-38
Let i(j) = -1239*j**3 - 2476*j**2 - 840*j - 1684. Give i(-2).
4
Let v(q) = -96*q**2 - 7113*q - 33730. What is v(-69)?
11
Let b(f) = 231*f**3 + 3*f**2 - 432*f - 435. Determine b(-1).
-231
Let h(g) = -g**3 + 266*g**2 + 19*g - 5056. What is h(266)?
-2
Let q(w) = 20*w**2 - 96*w - 559. Give q(9).
197
Let y(q) = 5*q**3 - q**2 + 5*q + 90. Give y(-4).
-266
Let t(g) = g**3 - 33*g**2 - 10*g + 100. Give t(34).
916
Let c(r) = -12630*r + 74161. Determine c(6).
-1619
Let n(k) = k**3 - 39*k**2 + 53*k + 1972. Give n(36).
-8
Let k(f) = 2*f**2 + 6000*f + 59813. Calculate k(-10).
13
Let o(r) = r**2 + 92*r - 2305. Give o(-113).
68
Let f(m) = -2686*m + 48375. Give f(18).
27
Let l(g) = 69*g**2 + 701*g + 398. Give l(-10).
288
Let y(m) = 3*m**3 - 20*m**2 - 17*m - 17. Give y(9).
397
Let a(f) = -2*f**3 - 2110*f**2 - 4226*f - 14740. Determine a(-1053).
2
Let v(a) = -a**3 - 16*a**2 + 52*a - 8. What is v(-14)?
-1128
Let y(i) = 617*i**2 - 15859*i - 4753. Determine y(26).
5
Let b(l) = 3*l**3 + 40*l**2 + 192*l - 62. What is b(-8)?
-574
Let p(s) = -39*s**2 + 2956*s + 53. Calculate p(76).
-555
Let s(v) = 1546*v + 9220. Give s(-6).
-56
Let s(g) = 9*g**2 - 2895*g - 15694. Give s(327).
2
Let j(s) = 565*s - 5983. Calculate j(9).
-898
Let o(f) = -11*f**2 - 32*f - 18. What is o(-4)?
-66
Let b